*4 + -1. Calculate the remainder when 94 is divided by -32*(1 + (-5 - z)).
30
Let o(t) = -5*t + 1. Let g = 2 + -5. What is the remainder when 45 is divided by o(g)?
13
Suppose -2 = -2*u - 14. Let h be u/9*(4 + -1). What is the remainder when 38 is divided by -1*(1*h - 11)?
12
Let b = 12 - 10. Let v = -2 - -4. Calculate the remainder when b is divided by v.
0
Let r be 12/7 + (-4)/(-14). Suppose f = r*f - 2. Calculate the remainder when (f - -19) + -1 + 2 is divided by 12.
10
Let f(u) = u**3 - 15*u**2 - 32*u - 13. Suppose 2*b + 10 = -0*b. Let o(i) = i**3 + 6*i**2 + 4*i + 6. Calculate the remainder when f(17) is divided by o(b).
10
Let y be (-36)/5 - 2/(-10). Let l(x) = x**3 + 8*x**2 + 6*x - 4. Calculate the remainder when 11 is divided by l(y).
2
Let h = -4 + 14. What is the remainder when h is divided by 2/4 + (-33)/(-6)?
4
Let g(d) = -d**3 - d**2 + 7*d + 5. Let s(t) = 2*t**2 - 15*t - 3. What is the remainder when s(11) is divided by g(-4)?
24
Suppose -6*i - 3 = -93. Calculate the remainder when i is divided by 6.
3
Let y = 12 + -7. Suppose -6*v + 98 = 20. Calculate the remainder when v is divided by y.
3
Let k be (-2)/4 - (-27)/6. Suppose -y = -k*y. Suppose -d + 1 + 34 = y. Calculate the remainder when d is divided by 12.
11
Calculate the remainder when (-12 - 5)/(1*(-3)/18) is divided by 35.
32
Let z(v) = v + 1. Let b(i) = -4*i. Let r(x) = b(x) + 3*z(x). What is the remainder when (-6)/2*(-14)/6 is divided by r(0)?
1
Let k(b) = -5*b. Calculate the remainder when k(-2) is divided by 7.
3
Suppose 2*k + k - f = 45, -k + 4*f = -26. Let s(a) = 3*a**3 + 2*a**2 + a. Let g be s(-1). What is the remainder when (40 - 2) + (-4)/g is divided by k?
12
Let r = 12 + -7. Suppose r*q - 107 - 93 = 0. Suppose -5*j + q = -15. What is the remainder when 31 is divided by j?
9
Let i = -81 - -89. Suppose 25 = 2*r - 5. What is the remainder when r is divided by i?
7
Let t = 20 + -11. Suppose -2*y + 150 = 3*y. Let d = y + -14. What is the remainder when d is divided by t?
7
Let v be 21/14 + (-2)/(-4). Suppose -18 - v = -5*t. Calculate the remainder when 4 + (6/3)/1 is divided by t.
2
Suppose s - 5*i = -11, 2*s - 61 = -2*s - i. Calculate the remainder when 26 is divided by s.
12
Let l = 69 + -46. Suppose 3*a + 53 = -25. Let u = 42 - a. What is the remainder when u is divided by l?
22
What is the remainder when (-114)/(-4) + 7/(-14) is divided by 10?
8
Suppose -5*c + 1 + 39 = 0. Calculate the remainder when 8 is divided by c - 2 - (-2)/(-2).
3
Let w(i) = 2*i + 3. Let m be w(5). Let v = m + 1. What is the remainder when 25 is divided by v?
11
Let u = -65 - -72. Calculate the remainder when 16 is divided by u.
2
Let m(r) = 4*r + 53. What is the remainder when 64 is divided by m(-10)?
12
Let h = 6 - 3. Suppose -4 + 19 = h*u. Let m = 3 - -5. Calculate the remainder when m is divided by u.
3
Let m(l) = -2*l**2 - 11*l + 10. Suppose -a + 16 = 5*u, -a - 2*a + 3*u - 42 = 0. Let t be m(a). Let k = -32 - t. What is the remainder when k is divided by 12?
9
Suppose 5*w = 4*d - 453, 110 = 2*d - d + 2*w. What is the remainder when d is divided by 23?
20
Let x(m) = -4*m + 2. Suppose 4*p - 53 = -3*o + 4*o, -3*o = -p + 5. Calculate the remainder when x(-4) is divided by ((-20)/p)/((-4)/28).
8
Let n(r) = -34*r**2 + 1. Let l be n(-1). Let p = -7 - l. Suppose 5*a = 89 + p. Calculate the remainder when a is divided by 12.
11
Let v be (3 + (-39)/15)*5. Suppose h = -v*h + 72. Calculate the remainder when h is divided by 13.
11
Let g = 61 + -52. Suppose s = 5*s - 12. Suppose 2*l + s = j + g, j + 2*l = 10. What is the remainder when 4 is divided by j?
0
Let t(u) = u**3 - 10*u**2 - 9*u - 16. Let r be t(11). What is the remainder when 31 is divided by (8 - r/3) + 2?
7
Let r = 11 + 1. Calculate the remainder when 45 is divided by r.
9
Let t(d) = -d**2 - 13*d + 16. Let a be t(11). Calculate the remainder when 1/3 - a/12 is divided by 11.
10
What is the remainder when (-21)/(-9) + 1 - (-8)/12 is divided by 4?
0
Suppose 5*f - 15 = 0, 3*l + 19 + 23 = f. Let j = -45 - -24. Let r = l - j. What is the remainder when 13 is divided by r?
5
Let x = 42 + -20. Let k(j) = 28*j - 99. Calculate the remainder when k(5) is divided by x.
19
Let z(t) = -2*t - 5. Suppose 0*l + 24 = p + 5*l, 0 = -5*p - l + 72. Let d be 2 + (-1 - p/2). What is the remainder when 19 is divided by z(d)?
5
Let k = 6 - 0. Suppose 0 = -4*a - 5*s + 65, -4*s + 11 - 1 = -a. Let u = a - k. Calculate the remainder when 11 is divided by u.
3
Let n(l) = -8*l - 41. Let u(c) = -c**3 + 4*c**2 + 7*c - 5. Let b be u(5). What is the remainder when n(-11) is divided by ((-12)/b)/((-1)/5)?
11
Let g(h) = -h**2 + 4*h - 3. Let c be g(2). What is the remainder when (6/(-15))/(c/(-95)) is divided by 20?
18
Let j = -4 + 8. Suppose -v + 2*f + 11 = 0, -j*v + 50 = -2*f - 18. Let d(l) = -10*l - 5. Calculate the remainder when d(-6) is divided by v.
17
Suppose 12*y = 16*y - 84. What is the remainder when ((-1)/2)/(1/(-166)) is divided by y?
20
Suppose -2*w - 60 = -5*n, -n - 5*w - 75 = -6*n. Suppose 0 = 3*d - 24 - 27. What is the remainder when d is divided by n?
7
Suppose 2*b - 4 = -w, 0*b - b - 61 = -4*w. Let h(o) = o**3 - 7*o**2 + 6*o + 8. Let n be h(6). Let d = 48 - n. Calculate the remainder when d is divided by w.
12
Suppose 2*h = h. Suppose -18 = -3*g - 4*l, -l + 47 = 5*g - h*g. What is the remainder when g is divided by 4 + ((-1)/(-1) - 1)?
2
Suppose 3*b - 104 + 37 = -4*j, j - 2*b - 3 = 0. What is the remainder when j is divided by 5?
3
Suppose 0*i + 3*i - 15 = 0. Let m(y) = 5*y - 3. Let u be m(i). Suppose 5*l = v - u, -2*v + 3*l = l - 12. What is the remainder when v is divided by 2?
0
Suppose -i = -0*z - 3*z + 121, -2*i = -4*z + 158. Calculate the remainder when 206 is divided by z.
38
Suppose 2*y = -6*y + 8. What is the remainder when 2 is divided by y?
0
Let h be (1 + 7)/(3 + -1). Let t(u) = -u**3 + 4*u**2 + 2*u + 3. Calculate the remainder when 52 is divided by t(h).
8
Suppose -2*s - 3*s = -35. Calculate the remainder when (-3)/5 + (-174)/(-15) is divided by s.
4
Let x = 42 - -53. What is the remainder when x is divided by 24?
23
What is the remainder when 61 is divided by (-2)/6 - 294/(-18)?
13
Let a(r) = r**2 + 6*r + 5. Let o = -13 + 9. Let h be a(o). Let z = 17 + h. What is the remainder when z is divided by 5?
4
Let n(s) = s + 6. Let j be n(-6). Let x be 8/10*(5 + j). Suppose -3*h + 19 = 4*r, 3*h - x*h = -4*r + 15. Calculate the remainder when 7 is divided by r.
3
Suppose 150 = 3*k + 2*u + 2*u, 2*k + 2*u - 102 = 0. Suppose 4*g - k = 2*g. What is the remainder when g is divided by 14?
13
Let z(b) = 2*b**2 - 5*b + 4. What is the remainder when z(6) is divided by ((-52)/39)/(2/(-36))?
22
Let m = 38 - 26. Calculate the remainder when 35 is divided by m.
11
Let r = 21 - 13. What is the remainder when 38 is divided by r?
6
Let k = -6 - 0. Let x(n) = 3*n**2 - 13*n + 5. Let b(a) = a**2 - 4*a + 2. Let j(z) = k*x(z) + 17*b(z). Calculate the remainder when 24 is divided by j(9).
11
Let o = 98 + -88. Calculate the remainder when 27 is divided by o.
7
Calculate the remainder when (-16)/7 + 2 - 325/(-35) is divided by 3.
0
Let b be (4/8 + (-1)/6)*-3. Suppose 17 + 1 = 2*c. Let x = c - b. What is the remainder when 38 is divided by x?
8
Suppose -16 = -10*z + 114. Suppose 0 = 2*l - 51 + 7. Calculate the remainder when l is divided by z.
9
Suppose 4*f = -5*l + 12, f = l + 3*f - 6. Calculate the remainder when 10/8*(l + 28) is divided by 12.
11
Suppose -18 - 38 = 4*u. Let a = 27 + u. What is the remainder when 23 is divided by a?
10
Let v(c) = 4*c**2 - c. Let q = -35 - -75. What is the remainder when q is divided by v(2)?
12
Suppose -5 = -3*n + 31. Let q = 64 - 38. What is the remainder when q is divided by (-1)/((-2)/n) - -3?
8
Let n(b) = -2*b + 31. What is the remainder when n(7) is divided by 11?
6
Let f = 7 - -6. What is the remainder when 25 is divided by f?
12
What is the remainder when 34 is divided by 12/9*2/(-4)*-12?
2
Let h be (4/(-2))/(0 - 1). Let o(n) = 2*n - 3. Let a be o(h). Calculate the remainder when 44 + a/(2/4) is divided by 16.
14
Let d = -5 - -3. Let o be 5/(-2)*(-4 - d). Suppose o*v + 4*l = -0*l + 88, -2*l = -3*v + 66. What is the remainder when 59 is divided by v?
19
Let l(z) = z**2 + 3*z - 3. Let a(v) = v**2 + 5*v + 7. What is the remainder 